 4*q - 141 = 143, -2*q + 6 = 0. What is the remainder when v is divided by (-295)/(-8) - 1/(-8)?
31
Suppose 37 = s - 0*s. Suppose 0 - 1 = -n - g, -s = -2*n + 5*g. What is the remainder when (-4)/(9/n + -2) is divided by 5?
3
What is the remainder when 34 is divided by 59/9 + 80/180?
6
Let y = 21 - 10. Suppose 18 - 17 = p. What is the remainder when y is divided by 8/6*(p - -2)?
3
Suppose -5*u + 4*u + 9 = 0. What is the remainder when 38 is divided by (-2 - -65)*1/u*3?
17
Let h be ((-25)/(-20))/((-2)/(-8)). Calculate the remainder when (h + -3)*(-43)/(-2) is divided by 11.
10
Calculate the remainder when 6/(-9) + (0 - 1822/(-6)) is divided by 147.
9
Let j = -31 - -34. Suppose -4*d + g = -151, -j*g = -0*d - 3*d + 111. What is the remainder when d is divided by 13?
12
Let q(v) = 3*v**2 - 3*v - 2. Let x be q(-1). Suppose 4*z + 20 = y + 3*z, 96 = 4*y + x*z. What is the remainder when y is divided by 0 + -1 + 11 + -2?
6
Suppose 8*p = -12*p + 260. Suppose 0*g + 2*g = 76. Calculate the remainder when g is divided by p.
12
Suppose 5*x - x = 140. Suppose 0 = 4*a + 2*d + 2*d - 856, a = -5*d + 210. Suppose 5*i = -x + a. What is the remainder when i is divided by 13?
10
Suppose 0 = -4*b - 3*f + 33, -6*b - 5 = -7*b - 4*f. Calculate the remainder when 67 is divided by b.
4
Let r = 83 - 58. What is the remainder when 164 is divided by r?
14
Let d(q) = 4*q**3 - 6*q**2 + 4*q. Calculate the remainder when d(4) is divided by 59.
58
Let a = -2 + 0. Suppose -13*y = 4*y + 85. Calculate the remainder when a + (-5)/(y/49) is divided by 12.
11
Suppose q = 2*m - 100 + 406, 0 = 3*m + 12. Let l = 517 - q. Calculate the remainder when l is divided by 55.
54
Suppose -2*x + 0*x = -390. Calculate the remainder when x is divided by 22.
19
Let g(t) = t**3 + 12*t**2 + t - 6. Calculate the remainder when g(-11) is divided by 11.
5
Let k(q) = 3*q**2 + 7*q + 8. Calculate the remainder when 192 is divided by k(-3).
10
Suppose 4*z + d - 30 = z, -4*z - 3*d = -35. Suppose z*k = 14*k - 33. What is the remainder when 21 is divided by k?
10
Let a = -46 - -49. Suppose 2*r = -a*r - 25, 4*z - 497 = 5*r. What is the remainder when z is divided by 17?
16
Let i(y) = -y**3 - 9*y**2 - 24*y - 1. Let j = -12 + 40. What is the remainder when j is divided by i(-5)?
9
Let q(l) = 2*l + 2. Let f be q(-5). Let h(j) = j**3 + 8*j**2 - 2*j + 2. What is the remainder when 34 is divided by h(f)?
16
Let q = 514 + -366. Calculate the remainder when q is divided by 50.
48
Suppose -5*c = -411 - 459. Suppose -5*r - 4*u - c = 0, 5*u = -4*r - 16 - 125. Let v = -7 - r. Calculate the remainder when v is divided by 10.
7
Suppose 178 = 3*a - 224. Let m = 41 - 24. What is the remainder when a is divided by m?
15
Suppose -n = 3*g - 38 - 17, 38 = 2*g + 2*n. Calculate the remainder when g is divided by (-2 + 3)*(-2 - -7).
3
Suppose 0 = 5*w - 3*j + 39, j + 11 = -0*w - w. Let v = -5 - w. Suppose a - 1 - v = 0. Calculate the remainder when 17 is divided by a.
2
Let w(j) = 1 - 23*j + 7*j + 14*j. Let g be w(-1). Suppose -135 = -g*b - n - n, 5*b = -n + 218. What is the remainder when b is divided by 22?
21
Suppose 4*f - 2*b = -f + 25, 0 = -2*f - 5*b - 19. Suppose -2*g - 3*p = -34, 2*g = g - f*p + 23. Calculate the remainder when g is divided by 6.
5
Let m be ((-7)/2)/7*3*22. Calculate the remainder when 21 is divided by (3 + 0)/(-12) + m/(-4).
5
Suppose -5*a - 8*k + 590 = -3*k, 216 = 2*a - 2*k. Calculate the remainder when a is divided by 30.
23
Let s be -27 - (2/(-1) - 1*-5). Let k = s - -86. Calculate the remainder when k is divided by 12.
8
Let x = -10 - -25. Let g(u) = u**3 - 10*u**2 + 10*u - 3. Calculate the remainder when x is divided by g(9).
3
Let p(x) = 3*x**2 + 22*x - 5. Suppose 3*b + 4 = -5. Let o(y) = 4*y**2 - 3*y - 3. Calculate the remainder when o(b) is divided by p(-8).
9
Suppose -4*a = -2*x + 658, -3*a = 78*x - 83*x + 1680. Calculate the remainder when x is divided by 168.
3
Suppose 0 = -r + 19 + 53. Calculate the remainder when 862 is divided by r.
70
Suppose 19 = q + 2*i - 1, -4*i + 30 = q. Suppose 0*s - 5*s - q = 0. Let x(y) = -19*y + 1. What is the remainder when x(s) is divided by 20?
19
Let h(z) = -z**3 + 7*z**2 - z + 5. Let f be h(7). Let q = f - -15. What is the remainder when 23 is divided by q?
10
Suppose -2*a = -0*a - 90. Let k = a + -17. What is the remainder when k is divided by 10?
8
What is the remainder when 135*3 + (-8 - -17)/9 is divided by 51?
49
Let u(g) = 2*g - 22. Let o be u(-6). Let j = o + 61. Let z(y) = -y**3 + 4*y**2 + 6*y + 5. Calculate the remainder when j is divided by z(5).
7
Let m(u) = 3*u**2 - 3*u + 4. Let k(s) = 17*s**2 - 16*s + 20. Let v(b) = 2*k(b) - 11*m(b). What is the remainder when v(8) is divided by 18?
14
Suppose 691 + 254 = 35*b. Calculate the remainder when 502 is divided by b.
16
Suppose -22 = -j - 6. Let v(c) = -25*c - 46. What is the remainder when v(-4) is divided by j?
6
Let s = -85 + 113. Calculate the remainder when (4/(-6))/2*-159 is divided by s.
25
What is the remainder when -3*((-722)/8 - (-7)/28) is divided by 34?
32
Let h be (-82)/8 - (-2)/8. Let f be (-4 + -1)/(h/12). What is the remainder when 58 is divided by 118/f + (-15)/(-45)?
18
Let d = -29 - 7. Let v = -23 - d. Calculate the remainder when 49 is divided by v.
10
Suppose 2 = -2*y, -5*r + 0*y = -2*y - 32. Let l(b) = 6*b - 13. What is the remainder when l(6) is divided by r?
5
Let r = 301 - 149. Let b(a) = a**3 - 13*a**2 - 13*a + 3. What is the remainder when r is divided by b(14)?
16
Suppose 0 = 8*d - 11*d + 45. Calculate the remainder when 71 - 0 - d/5 is divided by 10.
8
Suppose 3*v + 0*o = -o + 89, v - 4*o - 47 = 0. Let w = 4 - 1. Calculate the remainder when v is divided by 1/3 - (-23)/w.
7
Suppose 7*w - 9*w + 10 = 0. Suppose 10*d = w*d - r + 28, -r + 23 = 4*d. Calculate the remainder when 10 is divided by d.
0
Let d(v) = 8*v. Let r be d(-1). Let j = 9 + r. What is the remainder when j is divided by 6/(-15) + (-7)/(-5)?
0
Let s be (-8)/(-14) - (-459)/(-7). Let i(k) = 29*k. Let j be i(-1). Let l = j - s. Calculate the remainder when l is divided by 19.
17
Let v(i) = i**2 + 6*i - 4. Let z be v(-5). Suppose -4*d = -4 - 4. What is the remainder when -3 - 30/(z/3) is divided by d?
1
Suppose 0 = -4*q + 11 - 155. Let i be ((-63)/q)/((-2)/(-32)). Suppose -2*w = -0*w - i. Calculate the remainder when 39 is divided by w.
11
Let a be -4*(-3)/12 - -45. Let t = a + -19. What is the remainder when t is divided by 8?
3
Suppose -2*b + 2*p - 20 = -5*b, 0 = b - 4*p - 30. Suppose b*i = 11*i - 82. What is the remainder when i is divided by 21?
19
Let d = 23 - 20. Let y(c) = -c**2 - 8*c - 6. What is the remainder when y(-4) is divided by d?
1
What is the remainder when (-354*(-7)/21)/2 is divided by 22?
15
Suppose 18 - 6 = 3*j. Suppose -5*l = -0*l - 65. Calculate the remainder when j/(-10) - (122/(-5) - 1) is divided by l.
12
Suppose 0 = -2*v - 10, 10*w - 17 = 9*w + 4*v. Suppose 0 = -2*x + 2 + 4. What is the remainder when 12/(-5)*(w/1 + -2) is divided by x?
0
Let g = 17 - 15. Suppose 3*b = g*b. Suppose -3*h = -2*k + 57, 2*k + b*h = h + 59. Calculate the remainder when k is divided by 16.
14
Suppose -12*a + 14*a - 20 = 0. What is the remainder when 28 is divided by a?
8
Let d(a) = 7*a**2 + 38*a - 8. Let q be 2/(-8) - (-13)/4. Calculate the remainder when q/(6/92 - 0) is divided by d(-6).
14
Let o(y) be the second derivative of -2*y**5/5 - y**4/6 + y**3/2 + y**2 + 10*y. What is the remainder when o(-2) is divided by 9?
7
Let w be (-2)/8*1 + 27/12. Suppose 0 = 2*i + w*o - 104, 2*i + 5*o - 107 = 2*o. Calculate the remainder when i is divided by 11.
5
Suppose -6 = 3*a, 2*b - a - 5 - 51 = 0. Let f(m) = m + 5. Let r be f(4). Suppose 0 = z - 5, -3*h - r = 3*z - 54. What is the remainder when b is divided by h?
7
Let i(l) = l**3 - 3*l**2 + l + 5. Suppose -3*k + 29 = 2*w, 4*k - 2*w = -w + 57. Calculate the remainder when i(4) is divided by k.
12
Let l(r) = -r**3 - 9*r**2 - 8*r + 4. Let m be l(-8). Suppose 0 = -m*d + 7*d - 180. What is the remainder when d is divided by 21?
18
Suppose -6 = 2*a, 6*b - a - 68 = b. What is the remainder when 152 is divided by b?
9
Let w(i) = -i**2 - 5*i + 10. Let y be w(-7). Let m(s) = -24*s - 2. What is the remainder when m(y) is divided by 16?
14
Suppose 16 + 18 = 2*x - 2*n, -n - 2 = 0. Let v